{"id":7,"date":"2025-02-03T22:39:51","date_gmt":"2025-02-03T21:39:51","guid":{"rendered":"https:\/\/qiwi-solutions.fr\/?page_id=7"},"modified":"2025-02-06T17:02:44","modified_gmt":"2025-02-06T16:02:44","slug":"qiwi-conseil","status":"publish","type":"page","link":"https:\/\/qiwi-solutions.fr\/index.php\/qiwi-conseil\/","title":{"rendered":"Qiwi Conseil"},"content":{"rendered":"\n<p><strong>Pr\u00e9sentation du p\u00f4le Qiwi Conseil<\/strong>.<\/p>\n\n\n\n<p><strong>Services propos\u00e9s<\/strong>\u00a0\u2192 RGPD, formations, accompagnement.<\/p>\n\n\n\n<p><strong>Pourquoi nous choisir ?<\/strong>\u00a0(expertise, accompagnement sur-mesure).<\/p>\n\n\n\n<p><strong>Contact &amp; prise de rendez-vous<\/strong>.<\/p>\n\n\n\n<p><\/p>\n","protected":false},"excerpt":{"rendered":"<p>Pr\u00e9sentation du p\u00f4le Qiwi Conseil. Services propos\u00e9s\u00a0\u2192 RGPD, formations, accompagnement. Pourquoi nous choisir ?\u00a0(expertise, accompagnement sur-mesure). Contact &amp; prise de rendez-vous.<\/p>\n","protected":false},"author":1,"featured_media":0,"parent":0,"menu_order":0,"comment_status":"closed","ping_status":"closed","template":"","meta":{"_kad_post_transparent":"","_kad_post_title":"","_kad_post_layout":"","_kad_post_sidebar_id":"","_kad_post_content_style":"","_kad_post_vertical_padding":"","_kad_post_feature":"","_kad_post_feature_position":"","_kad_post_header":false,"_kad_post_footer":false,"_kad_post_classname":"","footnotes":""},"class_list":["post-7","page","type-page","status-publish","hentry"],"_links":{"self":[{"href":"https:\/\/qiwi-solutions.fr\/index.php\/wp-json\/wp\/v2\/pages\/7","targetHints":{"allow":["GET"]}}],"collection":[{"href":"https:\/\/qiwi-solutions.fr\/index.php\/wp-json\/wp\/v2\/pages"}],"about":[{"href":"https:\/\/qiwi-solutions.fr\/index.php\/wp-json\/wp\/v2\/types\/page"}],"author":[{"embeddable":true,"href":"https:\/\/qiwi-solutions.fr\/index.php\/wp-json\/wp\/v2\/users\/1"}],"replies":[{"embeddable":true,"href":"https:\/\/qiwi-solutions.fr\/index.php\/wp-json\/wp\/v2\/comments?post=7"}],"version-history":[{"count":2,"href":"https:\/\/qiwi-solutions.fr\/index.php\/wp-json\/wp\/v2\/pages\/7\/revisions"}],"predecessor-version":[{"id":35,"href":"https:\/\/qiwi-solutions.fr\/index.php\/wp-json\/wp\/v2\/pages\/7\/revisions\/35"}],"wp:attachment":[{"href":"https:\/\/qiwi-solutions.fr\/index.php\/wp-json\/wp\/v2\/media?parent=7"}],"curies":[{"name":"wp","href":"https:\/\/api.w.org\/{rel}","templated":true}]}}